{"id":275,"date":"2017-10-03T16:05:18","date_gmt":"2017-10-03T16:05:18","guid":{"rendered":"http:\/\/www.anossaloja.com\/anos\/?post_type=product&#038;p=275"},"modified":"2020-09-10T10:46:10","modified_gmt":"2020-09-10T10:46:10","slug":"tinteiro-hp-940-xl-magenta","status":"publish","type":"product","link":"https:\/\/www.anossaloja.com\/anos\/produto\/tinteiro-hp-940-xl-magenta\/","title":{"rendered":"Tinteiro HP Original 940 XL Magenta"},"content":{"rendered":"<p>Compat\u00edvel com: HP Officejet Pro 8500 All-in-One sem fios Edi\u00e7\u00e3o Staples EcoEasy, HP Officejet Pro 8000, Pro 8000 Enterprise, Pro 8500 All-in-One, Pro 8500 All-in-One sem fios, Pro 8500A, Pro 8500A Plus, Pro 8000<\/p>\n","protected":false},"excerpt":{"rendered":"[sale_products per_page=\"12\" columns=\"4\" orderby=\"date\" order=\"ASC\"]\n","protected":false},"featured_media":276,"template":"","meta":{"_monsterinsights_skip_tracking":false,"_monsterinsights_sitenote_active":false,"_monsterinsights_sitenote_note":"","_monsterinsights_sitenote_category":0,"_themeisle_gutenberg_block_has_review":false},"product_brand":[],"product_cat":[43,42,56,41],"product_tag":[],"class_list":{"0":"post-275","1":"product","2":"type-product","3":"status-publish","4":"has-post-thumbnail","6":"product_cat-hp","7":"product_cat-promocoes","8":"product_cat-promocoes-2","9":"product_cat-tinteiros","11":"first","12":"instock","13":"sale","14":"featured","15":"taxable","16":"shipping-taxable","17":"purchasable","18":"product-type-simple"},"yoast_head":"<!-- This site is optimized with the Yoast SEO plugin v27.4 - https:\/\/yoast.com\/product\/yoast-seo-wordpress\/ -->\n<title>Tinteiro HP Original 940 XL Magenta - A NOSSA LOJA<\/title>\n<meta name=\"robots\" content=\"index, follow, max-snippet:-1, max-image-preview:large, max-video-preview:-1\" \/>\n<link rel=\"canonical\" href=\"https:\/\/www.anossaloja.com\/anos\/produto\/tinteiro-hp-940-xl-magenta\/\" \/>\n<meta property=\"og:locale\" content=\"pt_PT\" \/>\n<meta property=\"og:type\" content=\"article\" \/>\n<meta property=\"og:title\" content=\"Tinteiro HP Original 940 XL Magenta - A NOSSA LOJA\" \/>\n<meta property=\"og:url\" content=\"https:\/\/www.anossaloja.com\/anos\/produto\/tinteiro-hp-940-xl-magenta\/\" \/>\n<meta property=\"og:site_name\" content=\"A NOSSA LOJA\" \/>\n<meta property=\"article:modified_time\" content=\"2020-09-10T10:46:10+00:00\" \/>\n<meta property=\"og:image\" content=\"https:\/\/www.anossaloja.com\/anos\/wp-content\/uploads\/2017\/10\/hp940xlm.jpg\" \/>\n\t<meta property=\"og:image:width\" content=\"259\" \/>\n\t<meta property=\"og:image:height\" content=\"194\" \/>\n\t<meta property=\"og:image:type\" content=\"image\/jpeg\" \/>\n<meta name=\"twitter:card\" content=\"summary_large_image\" \/>\n<meta name=\"twitter:description\" content=\"[sale_products per_page=&quot;12&quot; columns=&quot;4&quot; orderby=&quot;date&quot; order=&quot;ASC&quot;]\" \/>\n<script type=\"application\/ld+json\" class=\"yoast-schema-graph\">{\"@context\":\"https:\\\/\\\/schema.org\",\"@graph\":[{\"@type\":\"WebPage\",\"@id\":\"https:\\\/\\\/www.anossaloja.com\\\/anos\\\/produto\\\/tinteiro-hp-940-xl-magenta\\\/\",\"url\":\"https:\\\/\\\/www.anossaloja.com\\\/anos\\\/produto\\\/tinteiro-hp-940-xl-magenta\\\/\",\"name\":\"Tinteiro HP Original 940 XL Magenta - A NOSSA LOJA\",\"isPartOf\":{\"@id\":\"https:\\\/\\\/www.anossaloja.com\\\/anos\\\/#website\"},\"primaryImageOfPage\":{\"@id\":\"https:\\\/\\\/www.anossaloja.com\\\/anos\\\/produto\\\/tinteiro-hp-940-xl-magenta\\\/#primaryimage\"},\"image\":{\"@id\":\"https:\\\/\\\/www.anossaloja.com\\\/anos\\\/produto\\\/tinteiro-hp-940-xl-magenta\\\/#primaryimage\"},\"thumbnailUrl\":\"https:\\\/\\\/www.anossaloja.com\\\/anos\\\/wp-content\\\/uploads\\\/2017\\\/10\\\/hp940xlm.jpg\",\"datePublished\":\"2017-10-03T16:05:18+00:00\",\"dateModified\":\"2020-09-10T10:46:10+00:00\",\"breadcrumb\":{\"@id\":\"https:\\\/\\\/www.anossaloja.com\\\/anos\\\/produto\\\/tinteiro-hp-940-xl-magenta\\\/#breadcrumb\"},\"inLanguage\":\"pt-PT\",\"potentialAction\":[{\"@type\":\"ReadAction\",\"target\":[\"https:\\\/\\\/www.anossaloja.com\\\/anos\\\/produto\\\/tinteiro-hp-940-xl-magenta\\\/\"]}]},{\"@type\":\"ImageObject\",\"inLanguage\":\"pt-PT\",\"@id\":\"https:\\\/\\\/www.anossaloja.com\\\/anos\\\/produto\\\/tinteiro-hp-940-xl-magenta\\\/#primaryimage\",\"url\":\"https:\\\/\\\/www.anossaloja.com\\\/anos\\\/wp-content\\\/uploads\\\/2017\\\/10\\\/hp940xlm.jpg\",\"contentUrl\":\"https:\\\/\\\/www.anossaloja.com\\\/anos\\\/wp-content\\\/uploads\\\/2017\\\/10\\\/hp940xlm.jpg\",\"width\":259,\"height\":194},{\"@type\":\"BreadcrumbList\",\"@id\":\"https:\\\/\\\/www.anossaloja.com\\\/anos\\\/produto\\\/tinteiro-hp-940-xl-magenta\\\/#breadcrumb\",\"itemListElement\":[{\"@type\":\"ListItem\",\"position\":1,\"name\":\"In\u00edcio\",\"item\":\"https:\\\/\\\/www.anossaloja.com\\\/anos\\\/\"},{\"@type\":\"ListItem\",\"position\":2,\"name\":\"In\u00edcio\",\"item\":\"https:\\\/\\\/www.anossaloja.com\\\/anos\\\/loja\\\/\"},{\"@type\":\"ListItem\",\"position\":3,\"name\":\"Tinteiro HP Original 940 XL Magenta\"}]},{\"@type\":\"WebSite\",\"@id\":\"https:\\\/\\\/www.anossaloja.com\\\/anos\\\/#website\",\"url\":\"https:\\\/\\\/www.anossaloja.com\\\/anos\\\/\",\"name\":\"A NOSSA LOJA\",\"description\":\"consum\u00edveis inform\u00e1tica\",\"potentialAction\":[{\"@type\":\"SearchAction\",\"target\":{\"@type\":\"EntryPoint\",\"urlTemplate\":\"https:\\\/\\\/www.anossaloja.com\\\/anos\\\/?s={search_term_string}\"},\"query-input\":{\"@type\":\"PropertyValueSpecification\",\"valueRequired\":true,\"valueName\":\"search_term_string\"}}],\"inLanguage\":\"pt-PT\"}]}<\/script>\n<!-- \/ Yoast SEO plugin. -->","yoast_head_json":{"title":"Tinteiro HP Original 940 XL Magenta - A NOSSA LOJA","robots":{"index":"index","follow":"follow","max-snippet":"max-snippet:-1","max-image-preview":"max-image-preview:large","max-video-preview":"max-video-preview:-1"},"canonical":"https:\/\/www.anossaloja.com\/anos\/produto\/tinteiro-hp-940-xl-magenta\/","og_locale":"pt_PT","og_type":"article","og_title":"Tinteiro HP Original 940 XL Magenta - A NOSSA LOJA","og_url":"https:\/\/www.anossaloja.com\/anos\/produto\/tinteiro-hp-940-xl-magenta\/","og_site_name":"A NOSSA LOJA","article_modified_time":"2020-09-10T10:46:10+00:00","og_image":[{"width":259,"height":194,"url":"https:\/\/www.anossaloja.com\/anos\/wp-content\/uploads\/2017\/10\/hp940xlm.jpg","type":"image\/jpeg"}],"twitter_card":"summary_large_image","twitter_description":"[sale_products per_page=\"12\" columns=\"4\" orderby=\"date\" order=\"ASC\"]","schema":{"@context":"https:\/\/schema.org","@graph":[{"@type":"WebPage","@id":"https:\/\/www.anossaloja.com\/anos\/produto\/tinteiro-hp-940-xl-magenta\/","url":"https:\/\/www.anossaloja.com\/anos\/produto\/tinteiro-hp-940-xl-magenta\/","name":"Tinteiro HP Original 940 XL Magenta - A NOSSA LOJA","isPartOf":{"@id":"https:\/\/www.anossaloja.com\/anos\/#website"},"primaryImageOfPage":{"@id":"https:\/\/www.anossaloja.com\/anos\/produto\/tinteiro-hp-940-xl-magenta\/#primaryimage"},"image":{"@id":"https:\/\/www.anossaloja.com\/anos\/produto\/tinteiro-hp-940-xl-magenta\/#primaryimage"},"thumbnailUrl":"https:\/\/www.anossaloja.com\/anos\/wp-content\/uploads\/2017\/10\/hp940xlm.jpg","datePublished":"2017-10-03T16:05:18+00:00","dateModified":"2020-09-10T10:46:10+00:00","breadcrumb":{"@id":"https:\/\/www.anossaloja.com\/anos\/produto\/tinteiro-hp-940-xl-magenta\/#breadcrumb"},"inLanguage":"pt-PT","potentialAction":[{"@type":"ReadAction","target":["https:\/\/www.anossaloja.com\/anos\/produto\/tinteiro-hp-940-xl-magenta\/"]}]},{"@type":"ImageObject","inLanguage":"pt-PT","@id":"https:\/\/www.anossaloja.com\/anos\/produto\/tinteiro-hp-940-xl-magenta\/#primaryimage","url":"https:\/\/www.anossaloja.com\/anos\/wp-content\/uploads\/2017\/10\/hp940xlm.jpg","contentUrl":"https:\/\/www.anossaloja.com\/anos\/wp-content\/uploads\/2017\/10\/hp940xlm.jpg","width":259,"height":194},{"@type":"BreadcrumbList","@id":"https:\/\/www.anossaloja.com\/anos\/produto\/tinteiro-hp-940-xl-magenta\/#breadcrumb","itemListElement":[{"@type":"ListItem","position":1,"name":"In\u00edcio","item":"https:\/\/www.anossaloja.com\/anos\/"},{"@type":"ListItem","position":2,"name":"In\u00edcio","item":"https:\/\/www.anossaloja.com\/anos\/loja\/"},{"@type":"ListItem","position":3,"name":"Tinteiro HP Original 940 XL Magenta"}]},{"@type":"WebSite","@id":"https:\/\/www.anossaloja.com\/anos\/#website","url":"https:\/\/www.anossaloja.com\/anos\/","name":"A NOSSA LOJA","description":"consum\u00edveis inform\u00e1tica","potentialAction":[{"@type":"SearchAction","target":{"@type":"EntryPoint","urlTemplate":"https:\/\/www.anossaloja.com\/anos\/?s={search_term_string}"},"query-input":{"@type":"PropertyValueSpecification","valueRequired":true,"valueName":"search_term_string"}}],"inLanguage":"pt-PT"}]}},"_links":{"self":[{"href":"https:\/\/www.anossaloja.com\/anos\/wp-json\/wp\/v2\/product\/275","targetHints":{"allow":["GET"]}}],"collection":[{"href":"https:\/\/www.anossaloja.com\/anos\/wp-json\/wp\/v2\/product"}],"about":[{"href":"https:\/\/www.anossaloja.com\/anos\/wp-json\/wp\/v2\/types\/product"}],"version-history":[{"count":4,"href":"https:\/\/www.anossaloja.com\/anos\/wp-json\/wp\/v2\/product\/275\/revisions"}],"predecessor-version":[{"id":15853,"href":"https:\/\/www.anossaloja.com\/anos\/wp-json\/wp\/v2\/product\/275\/revisions\/15853"}],"wp:featuredmedia":[{"embeddable":true,"href":"https:\/\/www.anossaloja.com\/anos\/wp-json\/wp\/v2\/media\/276"}],"wp:attachment":[{"href":"https:\/\/www.anossaloja.com\/anos\/wp-json\/wp\/v2\/media?parent=275"}],"wp:term":[{"taxonomy":"product_brand","embeddable":true,"href":"https:\/\/www.anossaloja.com\/anos\/wp-json\/wp\/v2\/product_brand?post=275"},{"taxonomy":"product_cat","embeddable":true,"href":"https:\/\/www.anossaloja.com\/anos\/wp-json\/wp\/v2\/product_cat?post=275"},{"taxonomy":"product_tag","embeddable":true,"href":"https:\/\/www.anossaloja.com\/anos\/wp-json\/wp\/v2\/product_tag?post=275"}],"curies":[{"name":"wp","href":"https:\/\/api.w.org\/{rel}","templated":true}]}}